Let q = -37 - c. List the prime factors of q.
37
Let f = 0 + 18. List the prime factors of f.
2, 3
Let x(h) = -45*h - 48. What are the prime factors of x(-8)?
2, 3, 13
What are the prime factors of 5349/15 - (-6)/15?
3, 7, 17
Let c = -22 + 39. What are the prime factors of c?
17
Suppose 0*v = -4*v + 16. Suppose -42 = v*a - 7*a. What are the prime factors of a?
2, 7
Suppose -3 = -4*a + 61. Let t = -4 + a. List the prime factors of t.
2, 3
Let j(d) = d**3 + 6*d**2 + 1. Let l be j(-6). Suppose l + 3 = 4*t. What are the prime factors of -1 - (-5 + (t - -1))?
2
Suppose 2*t - 7 + 3 = 0. List the prime factors of (0 - 7/t)*-2.
7
Let c be -2*(-2 - -3 - -1). Let p = 3 + 4. Let f = c + p. What are the prime factors of f?
3
Let r(a) be the second derivative of -a**4/8 - a**3/6 - a**2/2 - 2*a. Let b(c) be the first derivative of r(c). What are the prime factors of b(-2)?
5
Suppose 4*t - 11 = 49. Suppose -2*q - n = -t - 2, 0 = -5*q - 2*n + 40. What are the prime factors of q?
2, 3
Let o(p) = 2*p**2 + 3*p + 3. Let x be o(-3). Suppose -3*d + x = -5*r, 0 = 4*d - 5*r - 23 + 2. What are the prime factors of d?
3
Let r(o) = -15*o**3 + 2*o**2 + 2. What are the prime factors of r(-2)?
2, 5, 13
Suppose 30*k - 44*k + 3486 = 0. List the prime factors of k.
3, 83
Suppose 0 = -k + 3 - 1. Let m(u) = 6*u. List the prime factors of m(k).
2, 3
Let k(s) be the second derivative of -5*s**3/6 - 4*s**2 + 2*s. Let x(f) = -f - 1. Let z(d) = k(d) - 6*x(d). List the prime factors of z(5).
3
Suppose 3 - 2 = g - 5*c, 3*c = -g + 9. Suppose 0 = o - g*o + 150. What are the prime factors of o?
2, 3, 5
Suppose -5*u + 0*u = -20. Suppose -w - u = 3*w. What are the prime factors of (-7)/((w - -3) + -3)?
7
Suppose -64 + 244 = 5*f. List the prime factors of f.
2, 3
Let z(v) = 2*v**2 + v - 9. Let y(l) = 3*l**2 + 2*l - 10. Let j(t) = 4*y(t) - 5*z(t). List the prime factors of j(-4).
5
Let v = 107 + -29. Suppose 117 = -5*w - v. Let q = -20 - w. What are the prime factors of q?
19
Let q = 91 + 72. List the prime factors of q.
163
Let g(n) = n**3 + n**2 + n - 2. Let v be g(0). What are the prime factors of (-15)/v*(-42)/(-35)?
3
What are the prime factors of (5/(-2))/(3/(-42))?
5, 7
Suppose -6*j - 42 = -8*j. List the prime factors of j.
3, 7
Let u be (3/2)/(6/88). List the prime factors of -2 + -1 + (u - 3).
2
Let b(p) = -p**3 + 9*p**2 + 9*p + 13. Let s be b(10). Suppose -s*g + g = 0. Suppose g = 5*y - 3*o - 57, o + 4*o = 5. List the prime factors of y.
2, 3
Let t be (-2*(-9)/6)/1. Suppose j + 1 = -t*i, -3*i - 5*j = -4 + 9. Let d = i + 2. What are the prime factors of d?
2
Let d(g) = g**2 - 4*g + 5. Suppose 3*b - 4*b + 7 = 0. Let m be d(b). Suppose -3*o - 26 = -2*j, -o - m = -3*j - 3*o. List the prime factors of j.
2, 5
Let i be 2/6 - (-205)/15. Let k = i + 20. What are the prime factors of k?
2, 17
Let c be 59/((-3)/(-3 + 0)). Let j = c + -19. What are the prime factors of j?
2, 5
Let q = 35 - 10. List the prime factors of q.
5
Suppose -7*g + 203 + 266 = 0. List the prime factors of g.
67
Suppose 2*s = -31 + 83. Let q = s - 15. What are the prime factors of q?
11
Let o(c) = c**3 + 9*c**2 + 9*c - 7. List the prime factors of o(-7).
2, 7
Let d = 61 + 32. What are the prime factors of d?
3, 31
Suppose 0 = -5*d + 3*d + 92. List the prime factors of d.
2, 23
Let f be -1*(-4 - -2) - -4. Suppose -f*g + g + 50 = 0. List the prime factors of g.
2, 5
Suppose 0 = -3*r + 3 + 15. Suppose r*f = 2*f + 132. Let a = -19 + f. List the prime factors of a.
2, 7
Suppose c - 12 = 100. List the prime factors of c.
2, 7
Suppose -368 = -2*x - 2*x. What are the prime factors of x?
2, 23
Let t be ((-5)/15)/((-2)/150). Let h be t/(-2)*24/(-30). Let q = -5 + h. List the prime factors of q.
5
Let c(x) = -x**3 + 4*x**2 - 2*x + 4. Let l be c(3). Let i = -21 + l. What are the prime factors of (-258)/(-21) - (-4)/i?
2, 3
Let a(v) be the second derivative of -v**5/10 + v**4/6 - v**3/6 - v**2/2 + 3*v. Let b be a(2). Let o = 15 + b. List the prime factors of o.
2
Let i = 30 - -163. List the prime factors of i.
193
Suppose 0 = -55*g + 57*g - 128. List the prime factors of g.
2
Suppose 0 = -3*z + 85 + 23. Let p = z + -20. Suppose -3*n + n + p = 0. What are the prime factors of n?
2
Let y = 15 - 11. Let w be (-2)/(-8) - 86/(-8). Suppose 3*z - w = y. List the prime factors of z.
5
Let m(z) be the first derivative of -3*z**2/2 + z + 2. List the prime factors of m(-2).
7
Suppose 0*w = 5*w - 25. Suppose -w*m + 6 = -9. Suppose 0 = -6*b + 4*b + 4*z, 44 = m*b + 5*z. List the prime factors of b.
2
List the prime factors of 2 + -1 + 3 - -92.
2, 3
Suppose 0 = -5*h - 5. Let p = h - -4. Suppose -p*x = -4 - 8. List the prime factors of x.
2
Let q(a) = a**2 - 7*a - 8. Let c be q(7). Let u be (c/(-3))/(6/27). Let n = 20 - u. What are the prime factors of n?
2
Let p = 4 + -2. Suppose -5*r - 1 = 5*f - 6, -p*r - 10 = -f. What are the prime factors of f?
2
Suppose -13 = -2*v + 79. List the prime factors of v.
2, 23
Suppose 5*n - 123 = 2*q, 3*n - 73 = -0*n + 2*q. Suppose -n = x - 2*x. What are the prime factors of x?
5
Let i(o) = 41*o**2 - o. Let w be i(1). Suppose w = 4*a - 2*a. What are the prime factors of a?
2, 5
Suppose -8*u = -12 - 4. Suppose 3*w + u*w = 225. List the prime factors of w.
3, 5
Suppose -3*w - 665 = -x - 4*x, -2*x - 4*w + 292 = 0. What are the prime factors of x?
2, 17
Let h = 11 - 0. List the prime factors of h.
11
Suppose x + 134 = 3*j, 0 = -3*x + 8*j - 4*j - 377. Let g = -71 - x. What are the prime factors of g?
2, 3
Let w(g) = g**3 + 2*g + 2. List the prime factors of w(4).
2, 37
Suppose -2 = -2*a + 3*s, -3*a + 5*s = 2*a - 10. What are the prime factors of (a - 2) + (0 - -3)?
5
Let u(f) be the third derivative of -f**6/30 + f**3/6 - 4*f**2. Let g be (2/4)/(2/(-4)). What are the prime factors of u(g)?
5
Let b(c) = -2*c**2 + 3*c - 1. Let k(h) = -10*h**2 + 16*h - 6. Let d(j) = 14*b(j) - 3*k(j). Suppose 0*n - 8 = -2*n. List the prime factors of d(n).
2, 3
List the prime factors of (70/(-3) - 0)*(-180)/35.
2, 3, 5
Let j be -10*(5 + 3 + -4). What are the prime factors of 1*-1*(j + 2)?
2, 19
What are the prime factors of 13/(-26)*(-249 + 1)?
2, 31
Let h = -9 + 21. Suppose 4*i - h = i. What are the prime factors of i?
2
Suppose 15 = 5*k, -4*m + 2*m + 55 = k. List the prime factors of m.
2, 13
Suppose 17 - 2 = 5*k. Suppose 0 = -3*t - 9, 30 = k*u - 4*t + 7*t. What are the prime factors of u?
13
Let b(o) = -3*o**3 + 5*o**2. Let a(z) = -z**3 + z + 1. Let m(i) = -4*a(i) + b(i). List the prime factors of m(-4).
2, 7
Let x(d) = d**2 + 8*d + 4. Let u(y) = -y - 9. Let m be u(0). What are the prime factors of x(m)?
13
Let k(m) = -m**3 + 7*m**2 - 5*m + 2. Let i be k(6). Suppose 4*a - 3*a = -i. List the prime factors of 2/a + (-63)/(-12).
5
Let d(w) = -w**3 - 7*w**2 - 6*w + 6. Let t be d(-6). Suppose -f - 300 = -t*f. Suppose -8*i = -3*i - f. What are the prime factors of i?
2, 3
Let f(q) = q + 10. Let l be f(-8). List the prime factors of 2 + (l - -8) + 3.
3, 5
Let z be ((-2)/(-3))/(1/6). Suppose 0*l - 2*l + 2*u + 32 = 0, -3*u + 57 = z*l. What are the prime factors of l?
3, 5
Suppose 0 = 3*d - 4*d + 29. Suppose 5*c = -3*g + d, 0*g = 4*g - 4*c + 4. What are the prime factors of g?
3
Let f(k) = 271*k**2 + 2*k - 1. List the prime factors of f(-1).
2, 67
List the prime factors of (96 - -6)*1/2.
3, 17
Suppose 2*n = 4*n. Suppose -6 = -3*c - n*c. Suppose k - c = -y, -k + 3*y + 2 = -0. List the prime factors of k.
2
Suppose 30 = -3*r - 2*r. Let j(v) = -v + 4. List the prime factors of j(r).
2, 5
Let g(v) = -v**3 + 5*v**2 - 2*v + 7. Let l be g(5). Let z be (-114)/(-18) - (-1)/l. Let f = z + -3. List the prime factors of f.
3
List the prime factors of -1 + (-2 - -2) + 214.
3, 71
Suppose -6*c - 8 = p - 2*c, 3*p = -5*c - 10. Suppose p = 3*v - v - 6. List the prime factors of v.
3
Suppose -1 - 5 = 3*u, 5*k = 3*u + 576. What are the prime factors of k?
2, 3, 19
Let p be (18/8)/((-3)/(-24)). Suppose 15 = 4*o - i, 4*o + 3*i - p = i. Let j = o - 1. What are the prime factors of j?
3
Let l = 35 + -11. List the prime factors of l.
2, 3
Suppose -3 = -2*i + k, -2*i + 32 = i + 4*k. Suppose -3*g - 12 = 5*o, 4*g = 5*g + i*o + 11. List the prime factors of (27/(-6))/(g/(-2)).
3
Suppose 0 = -3*y - 12. Let q = 13 + y. Suppose 41 = 4*g + q. What are the prime factors of g?
